00101111100101
What is -1664158 (base 9) in base 12?
-38915b
Convert -1111010110010100011000 (base 2) to base 6.
-222123400
What is 11032321212 (base 4) in base 10?
1371750
Convert 61ff (base 16) to base 15.
7677
-10001010110011101010 (base 2) to base 10
-568554
4620502 (base 8) to base 16
132142
Convert 5886068 (base 10) to base 4.
112131001310
-37539 (base 11) to base 15
-10e77
Convert -2265440 (base 7) to base 12.
-1190b5
45156 (base 8) to base 4
10221232
What is 1013b (base 16) in base 5?
4101401
Convert -10000000101010100001011 (base 2) to base 11.
-241a666
Convert -508009 (base 12) to base 7.
-13456422
783187 (base 13) to base 8
12637752
-1c43d2 (base 14) to base 3
-1220100020022
Convert 2066572 (base 9) to base 3.
2002020122102
What is 97b55 (base 13) in base 12?
112931
330242 (base 6) to base 13
c581
What is 254025401 (base 6) in base 10?
4949353
1064222 (base 12) to base 7
35333201
Convert -135925 (base 14) to base 10.
-668589
2511115 (base 8) to base 7
5613602
Convert -2211441343 (base 5) to base 2.
-10010010011000000111001
188c55b (base 14) to base 7
205321044
What is 2a3a390 (base 12) in base 16?
82509c
121033203 (base 4) to base 5
11302040
-12231430 (base 5) to base 9
-188452
What is 143333213 (base 6) in base 15?
3d92d3
What is 2464520 (base 7) in base 10?
318563
-17873a5 (base 11) to base 2
-1011100010101110110001
1943905 (base 11) to base 6
154222451
What is 1011002012100 (base 3) in base 6?
21040143
216b0 (base 13) to base 4
32300330
21102322010 (base 4) to base 2
1001010010111010000100
67a03 (base 11) to base 8
300110
Convert -21110121210 (base 3) to base 11.
-a0480
53060233 (base 7) to base 9
8385464
2145fa (base 16) to base 4
20110113322
d34863 (base 14) to base 10
7119591
Convert -4100343223 (base 5) to base 2.
-11111010101101110001110
-37382 (base 11) to base 7
-312353
202200220010 (base 3) to base 14
a86a5
12023142 (base 6) to base 5
44022200
Convert 175980 (base 11) to base 13.
96698
-703a4 (base 11) to base 3
-12020020111
Convert -101100000101111110010101 (base 2) to base 12.
-3a55159
Convert -133046120 (base 7) to base 12.
-2a68ab2
Convert 13683 (base 16) to base 15.
18846
Convert 1383671 (base 10) to base 14.
280379
Convert -4560575 (base 8) to base 3.
-2022212100122
Convert 27784 (base 14) to base 4.
113303320
Convert 127998 (base 11) to base 9.
335452
What is 2a470 (base 15) in base 14?
377c9
What is 222104421 (base 5) in base 15?
143226
What is -4160235 (base 8) in base 4?
-10032002131
34003351 (base 6) to base 15
154564
-1221400234 (base 5) to base 16
-2c89a3
Convert 1996428 (base 12) to base 15.
721c82
What is 111000111000010110 (base 2) in base 14?
60c98
What is -10303100 (base 5) in base 8?
-253534
-1789 (base 10) to base 15
-7e4
7f1e (base 16) to base 15
9997
-1850c4 (base 16) to base 3
-2222221221000
1113012303 (base 4) to base 5
42404122
101133234 (base 5) to base 14
aa06a
Convert -119389 (base 12) to base 9.
-474756
What is -9343197 (base 10) in base 6?
-532131313
Convert -400140 (base 6) to base 2.
-111100110111100
Convert -9576 (base 16) to base 5.
-2211022
What is 17266040 (base 9) in base 6?
505415230
531114 (base 7) to base 14
2557b
Convert 2332122120 (base 4) to base 5.
144424203
What is 35f58 (base 16) in base 6?
4423120
What is 137a783 (base 11) in base 8?
11027571
What is 110322421 (base 5) in base 14?
c6b8c
4437a (base 11) to base 8
175522
-104938 (base 12) to base 2
-111110110000111100
What is -421087 (base 10) in base 12?
-183827
What is 3b28a (base 12) in base 9?
133847
What is -2584 (base 13) in base 8?
-12343
What is -10030430 (base 5) in base 4?
-103203303
1110010110010010 (base 2) to base 13
2099a
100011010100110000 (base 2) to base 9
240424
Convert -4c5aa5 (base 14) to base 4.
-22001220101
-3eb4d (base 16) to base 12
-104779
What is 12212221303 (base 4) in base 10?
1731187
Convert -142421 (base 7) to base 5.
-1333213
What is 5532154 (base 7) in base 5?
133232012
What is 55064 (base 7) in base 2?
11010111000110
Convert -100111100000011010110 (base 2) to base 14.
-259abc
What is 1011110111100100 (base 2) in base 9?
73613
Convert 181b02 (base 12) to base 16.
660f2
-33120323 (base 4) to base 3
-10012110122
Convert 1560471 (base 10) to base 15.
20c566
Convert 51405450 (base 6) to base 2.
101101001000000100110
What is -6978 (base 16) in base 14?
-9ba8
What is 472357 (base 8) in base 6?
3241223
What is -11110110011 (base 3) in base 8?
-253400
Convert -2277422 (base 8) to base 15.
-c4604
What is -10000100000100110 (base 2) in base 8?
-204046
Convert -180a3c (base 13) to base 3.
-1010120010121
Convert -445120 (base 7) to base 6.
-1403534
Convert -8a0a (base 11) to base 12.
-6a50
Convert -1174547 (base 8) to base 2.
-1001111100101100111
-4d82a (base 14) to base 16
-2e9de
-16ba62 (base 15) to base 8
-4151400
Convert 266336244 (base 7) to base 3.
1012102201010100
Convert 156662 (base 13) to base 16.
80ff6
Convert -1a92b9 (base 12) to base 15.
-94d83
152101 (base 9) to base 13
33682
What is 760921 (base 12) in base 3?
10111212210221
43216672 (base 8) to base 16
8d1dba
What is 533203 (base 13) in base 7?
22365310
What is -121201000 (base 3) in base 14?
-461b
What is -22450175 (base 9) in base 5?
-10242213340
What is -342020453 (base 6) in base 9?
-12682716
Convert 386b1 (base 14) to base 11.
95098
What is -453058 (base 9) in base 2?
-1000010001110001001
-51b3 (base 16) to base 10
-20915
What is -97a091 (base 11) in base 6?
-53315004
What is 221203020 (base 4) in base 2?
101001100011001000
What is 418265 (base 10) in base 16?
661d9
What is -1065982 (base 10) in base 5?
-233102412
Convert -228010 (base 9) to base 13.
-4a502
Convert 101222110200220 (base 3) to base 6.
325023510
-15527 (base 14) to base 5
-3200101
What is -1100033 (base 8) in base 10?
-294939
Convert -1775aa (base 12) to base 5.
-101010210
-200033232131 (base 4) to base 6
-501102205
2c3c27 (base 16) to base 15
3c3e58
What is 41094 (base 13) in base 16?
1c752
4014454 (base 6) to base 8
561042
What is 29539a (base 14) in base 6?
50435220
What is 202915 (base 11) in base 8?
1174355
Convert -38b296b (base 12) to base 3.
-210001002012002
Convert -10001001100011111011110 (base 2) to base 4.
-101030133132
What is -1000100010101000011 (base 2) in base 9?
-465822
Convert -8d022 (base 14) to base 2.
-1010011101111110110
-369753 (base 13) to base 10
-1306269
Convert -120113302 (base 6) to base 5.
-1033434233
30024414 (base 6) to base 5
203442133
-1111034424 (base 5) to base 14
-4772cd
What is -10101101100001110 (base 2) in base 5?
-10320341
What is -2abba9 (base 12) in base 7?
-6111606
What is -28c61 (base 15) in base 13?
-47851
Convert -2d579 (base 16) to base 13.
-666c3
What is 1165634 (base 10) in base 13?
31a732
Convert 211041 (base 10) to base 5.
23223131
-220010010 (base 5) to base 13
-26b00b
250c (base 14) to base 16
1950
Convert -102220130013 (base 4) to base 5.
-2222243411
Convert -2481b (base 13) to base 4.
-100123112
Convert 8618062 (base 10) to base 15.
b53777
-420160 (base 7) to base 8
-214671
-162035b (base 14) to base 3
-202101102102120
-897048 (base 10) to base 3
-1200120112000
What is -4103712 (base 9) in base 14?
-40d318
Convert 2a68518 (base 11) to base 9.
10785368
Convert 102032110112 (base 4) to base 9.
8881122
-22212120112220 (base 3) to base 14
-8aa70a
4481503 (base 10) to base 16
4461df
Convert 85170 (base 11) to base 13.
44580
Convert -2012112202 (base 3) to base 8.
-124621
What is -188070 (base 13) in base 2?
-10010110101111101000
Convert 505444 (base 8) to base 16.
28b24
106a7 (base 16) to base 4
100122213
Convert -36635 (base 9) to base 6.
-305435
3606556 (base 10) to base 4
31300200130
Convert 289460 (base 10) to base 7.
2313623
What is -3183698 (base 10) in base 16?
-309452
-1101543 (base 6) to base 12
-278b3
3203a (base 13) to base 14
24bb8
-21102222011 (base 3) to base 16
-23c4a
Convert -31557 (base 14) to base 6.
-2315053
What is -11320344322 (base 5) in base 6?
-1143523521
1012112022211012 (base 3) to base 4
1001330232221
-429152 (base 11) to base 4
-2213121023
14134133 (base 5) to base 8
435370
-235375 (base 8) to base 6
-1421153
Convert 1222003 (base 9) to base 14.
134054
118a181 (base 12) to base 3
20102122220221
What is -56a80a7 (base 12) in base 15?
-16db94d
What is 32958 (base 10) in base 15?
9b73
-507585 